88?
2
What is the ten thousands digit of 64957754?
5
What is the ten thousands digit of 8479423092?
2
What is the hundreds digit of 13119798?
7
What is the tens digit of 1044123815?
1
What is the ten millions digit of 2969791341?
6
What is the hundred thousands digit of 8290447?
2
What is the millions digit of 2570641?
2
What is the millions digit of 55326200?
5
What is the hundreds digit of 28839317?
3
What is the units digit of 68640185?
5
What is the tens digit of 16038522?
2
What is the hundreds digit of 7095855887?
8
What is the units digit of 1298513226?
6
What is the tens digit of 965814678?
7
What is the ten thousands digit of 48102042?
0
What is the thousands digit of 54968940?
8
What is the units digit of 1079450907?
7
What is the thousands digit of 1100244525?
4
What is the millions digit of 838883493?
8
What is the units digit of 1409407311?
1
What is the ten millions digit of 445374622?
4
What is the hundreds digit of 12542902?
9
What is the tens digit of 176390295?
9
What is the thousands digit of 52005395?
5
What is the thousands digit of 322032458?
2
What is the thousands digit of 96328736?
8
What is the billions digit of 3243773082?
3
What is the millions digit of 232747349?
2
What is the hundreds digit of 22332867?
8
What is the units digit of 510015009?
9
What is the tens digit of 3637919?
1
What is the hundreds digit of 592158241?
2
What is the tens digit of 7671443825?
2
What is the tens digit of 672792799?
9
What is the ten thousands digit of 40289675?
8
What is the millions digit of 1154592768?
4
What is the millions digit of 209585346?
9
What is the thousands digit of 317376658?
6
What is the tens digit of 2482076311?
1
What is the hundreds digit of 386836195?
1
What is the hundred thousands digit of 179653843?
6
What is the units digit of 119775095?
5
What is the tens digit of 2654348?
4
What is the millions digit of 2508081424?
8
What is the ten thousands digit of 81173429?
7
What is the hundreds digit of 187049345?
3
What is the hundred thousands digit of 605356795?
3
What is the ten millions digit of 8226824510?
2
What is the ten thousands digit of 359914731?
1
What is the hundreds digit of 53135129?
1
What is the thousands digit of 5866802567?
2
What is the tens digit of 6397664533?
3
What is the ten millions digit of 37496371?
3
What is the hundred millions digit of 125094201?
1
What is the hundred thousands digit of 1125106?
1
What is the hundred millions digit of 858620723?
8
What is the tens digit of 114826321?
2
What is the tens digit of 703504579?
7
What is the thousands digit of 2700413762?
3
What is the thousands digit of 417734529?
4
What is the millions digit of 25761435?
5
What is the hundreds digit of 208225234?
2
What is the billions digit of 3295327212?
3
What is the hundred thousands digit of 855352518?
3
What is the millions digit of 363044845?
3
What is the ten thousands digit of 112608825?
0
What is the tens digit of 26983732?
3
What is the ten millions digit of 215149344?
1
What is the hundreds digit of 711823426?
4
What is the ten thousands digit of 883812392?
1
What is the hundred thousands digit of 157500537?
5
What is the tens digit of 95128643?
4
What is the units digit of 38129988?
8
What is the thousands digit of 9776678?
6
What is the tens digit of 40734412?
1
What is the tens digit of 31225906?
0
What is the units digit of 19472517?
7
What is the tens digit of 35194650?
5
What is the millions digit of 455920605?
5
What is the thousands digit of 66062803?
2
What is the billions digit of 1389258057?
1
What is the millions digit of 137460739?
7
What is the hundred thousands digit of 42189384?
1
What is the ten millions digit of 55649086?
5
What is the hundred thousands digit of 143434451?
4
What is the tens digit of 1816237729?
2
What is the hundred millions digit of 124982753?
1
What is the billions digit of 1875120542?
1
What is the tens digit of 1308237600?
0
What is the tens digit of 49670310?
1
What is the millions digit of 142289715?
2
What is the hundreds digit of 751270021?
0
What is the ten millions digit of 27361419?
2
What is the ten thousands digit of 89059482?
5
What is the thousands digit of 651965113?
5
What is the hundreds digit of 281298264?
2
What is the tens digit of 45674674?
7
What is the hundred millions digit of 2866011734?
8
What is the ten millions digit of 5484232277?
8
What is the ten millions digit of 176257465?
7
What is the millions digit of 166862750?
6
What is the hundred thousands digit of 519933515?
9
What is the millions digit of 2585299768?
5
What is the hundreds digit of 1436524?
5
What is the ten millions digit of 76658792?
7
What is the tens digit of 907481946?
4
What is the ten millions digit of 97960802?
9
What is the ten thousands digit of 853484070?
8
What is the ten thousands digit of 56759557?
5
What is the hundred millions digit of 4195780912?
1
What is the units digit of 64417076?
6
What is the hundred millions digit of 3350215743?
3
What is the millions digit of 1390601608?
0
What is the ten thousands digit of 172889333?
8
What is the billions digit of 4082966663?
4
What is the millions digit of 1862961415?
2
What is the ten millions digit of 2176645257?
7
What is the thousands digit of 646961132?
1
What is the millions digit of 566468213?
6
What is the units digit of 197533013?
3
What is the tens digit of 1208096723?
2
What is the hundred thousands digit of 2921651406?
6
What is the hundred millions digit of 1297090165?
2
What is the hundred thousands digit of 204994027?
9
What is the hundreds digit of 243632357?
3
What is the millions digit of 18804728?
8
What is the hundreds digit of 191894615?
6
What is the thousands digit of 6675782537?
2
What is the ten thousands digit of 40543053?
4
What is the billions digit of 3036008662?
3
What is the ten millions digit of 2600310924?
0
What is the hundred thousands digit of 69185578?
1
What is the units digit of 11883159?
9
What is the hundred millions digit of 239119219?
2
What is the hundred thousands digit of 28306388?
3
What is the hundred thousands digit of 119891591?
8
What is the hundreds digit of 23936861?
8
What is the tens digit of 6122427?
2
What is the tens digit of 7118457111?
1
What is the hundred millions digit of 2494256325?
4
What is the ten millions digit of 671444869?
7
What is the hundreds digit of 272570028?
0
What is the ten thousands digit of 190079996?
7
What is the tens digit of 2716804?
0
What is the tens digit of 794816419?
1
What is the hundreds digit of 23717427?
4
What is the units digit of 730178270?
0
What is the hundred thousands digit of 24332771?
3
What is the ten thousands digit of 50652320?
5
What is the tens digit of 208297389?
8
What is the hundred millions digit of 460538278?
4
What is the millions digit of 240753236?
0
What is the billions digit of 3382348047?
3
What is the ten millions digit of 601767945?
0
What is the hundreds digit of 294498560?
5
What is the hundreds digit of 64126971?
9
What is the ten millions digit of 47216107?
4
What is the units digit of 3161994732?
2
What is the ten millions digit of 108112727?
0
What is the hundreds digit of 509007617?
6
What is the ten thousands digit of 160767542?
6
What is the hundred thousands digit of 166045086?
0
What is the thousands digit of 12533762?
3
What is the millions digit of 186539903?
6
What is the hundred millions digit of 210593418?
2
What is the hundred thousands digit of 17059327?
0
What is the hundreds digit of 64225667?
6
What is the millions digit of 1727347587?
7
What is the millions digit of 48964358?
8
What is the hundred thousands digit of 5111006873?
0
What is the billions digit of 2435476752?
2
What is the ten millions digit of 1858543031?
5
What is the ten millions digit of 33433522?
3
What is the millions digit of 266676927?
6
What is the ten millions digit of 81585835?
8
What is the millions digit of 548127998?
8
What is the ten thousands digit of 192671882?
7
What is the ten millions digit of 80866361?
8
What is the millions digit of 60356994?
0
What is the ten thousands digit of 621896637?
9
What is the millions digit of 4507988728?
7
What is the ten thousands digit of 24232381?
3
What is the hundreds digit of 1712504139?
1
What is the hundreds digit of 22891019?
0
What is th